{"id":83,"date":"2014-09-25T14:37:15","date_gmt":"2014-09-25T12:37:15","guid":{"rendered":"http:\/\/cives-school.de\/?page_id=83"},"modified":"2019-05-13T13:56:36","modified_gmt":"2019-05-13T11:56:36","slug":"cives-team","status":"publish","type":"page","link":"https:\/\/cives-school.de\/?page_id=83","title":{"rendered":"Das Team"},"content":{"rendered":"<h1>Das Team<\/h1>\n<p>Die <em>CIVES School of Civic Education<\/em> ist Teil der <a href=\"http:\/\/www.uni-due.de\/gesellschaftswissenschaften\/\" target=\"_blank\" rel=\"noopener noreferrer\">Fakult\u00e4t f\u00fcr Gesellschaftswissenschaften<\/a> an der <a href=\"http:\/\/www.uni-due.de\/\" target=\"_blank\" rel=\"noopener noreferrer\">Universit\u00e4t Duisburg-Essen<\/a>. Alle Lehrenden im Lehramt Sozialwissenschaften sind somit auch in <em>CIVES<\/em> beheimatet.<\/p>\n<p>Die Vorlesungen und Seminare in der Lehramtsausbildung finden ausschlie\u00dflich in Essen statt, so dass die Dozierenden aus der Politikwissenschaft und der Soziologie mit Hauptsitz in Duisburg an den Campus Essen pendeln. Die Professur vor Ort, <a href=\"https:\/\/www.uni-due.de\/politik\/lehrstuhl-fd\/\" target=\"_blank\" rel=\"noopener noreferrer\"> Didaktik der Sozialwissenschaften <\/a>, koordiniert mit ihren <a href=\"\/?page_id=83#mitarbeiter\">Mitarbeiter*innen in Essen<\/a> die Angebote der <em>CIVES<\/em>.<\/p>\n<h3>Mehr dar\u00fcber, wozu CIVES beitragen will, erfahren Sie in <a href=\"https:\/\/www.youtube.com\/watch?time_continue=6&#038;v=dM8F9jxmFxs\" rel=\"noopener\" target=\"_blank\">diesem kurzen Interview-Video mit Frau Prof. Manzel<\/a>.<\/h3>\n<h2 class=\"centered\"><span>Leitung<\/span><\/h2>\n<div id='Team2neu' class='widgets_on_page wop_tiny1  wop_small1  wop_medium1  wop_large1  wop_wide1'>\n\t\t\t<ul><li id=\"dorayaki_team_small-7\" class=\"widget widget_dorayaki_team_small\">\n\t\t\t<div class=\"team-box-small\">\n\t\t\t\t<div class=\"tm-info\">\n\t\t\t\t\t<img decoding=\"async\" src=\"https:\/\/cives-school.de\/wp-content\/uploads\/2025\/10\/2025-10-11_Manzel-neu_skaliert.jpeg\" alt=\"Prof. Dr. Sabine Manzel Nietiedt\" class=\"tm-img\">\n\t\t\t\t\t<div class=\"tm-author\">\n\t\t\t\t\t\t<h4>Prof. Dr. Sabine Manzel Nietiedt<\/h4>\n\t\t\t\t\t\t<span class=\"tms-pos\"> <a href=\"https:\/\/www.uni-due.de\/politik\/manzel.php\">Wissenschaftliche Leitung<\/a><\/span>\n\t\t\t\t\t<\/div>\n\t\t\t\t<\/div><!-- end .tm-info -->\n\t\t\t\t<div class=\"tm-quote\">\n\t\t\t\t\t<p><\/p>\n\t\t\t\t<\/div><!-- end .tm-quote -->\n\t\t\t<\/div><!-- end .team-box-small -->\n\n\t   <\/li><li id=\"dorayaki_team_small-2\" class=\"widget widget_dorayaki_team_small\">\n\t\t\t<div class=\"team-box-small\">\n\t\t\t\t<div class=\"tm-info\">\n\t\t\t\t\t<img decoding=\"async\" src=\"https:\/\/cives-school.de\/wp-content\/uploads\/2019\/05\/Team_Laura_Moellers_240x240_f\u00fcr_Vita.jpg\" alt=\"Laura M\u00f6llers\" class=\"tm-img\">\n\t\t\t\t\t<div class=\"tm-author\">\n\t\t\t\t\t\t<h4>Laura M\u00f6llers<\/h4>\n\t\t\t\t\t\t<span class=\"tms-pos\"> <a href=\"https:\/\/cives-school.de\/?page_id=146\">Gesch\u00e4ftsf\u00fchrung<\/a><\/span>\n\t\t\t\t\t<\/div>\n\t\t\t\t<\/div><!-- end .tm-info -->\n\t\t\t\t<div class=\"tm-quote\">\n\t\t\t\t\t<p><\/p>\n\t\t\t\t<\/div><!-- end .tm-quote -->\n\t\t\t<\/div><!-- end .team-box-small -->\n\n\t   <\/li><li id=\"dorayaki_team_small-4\" class=\"widget widget_dorayaki_team_small\">\n\t\t\t<div class=\"team-box-small\">\n\t\t\t\t<div class=\"tm-info\">\n\t\t\t\t\t<img decoding=\"async\" src=\"https:\/\/cives-school.de\/wp-content\/uploads\/2019\/05\/Team_Dennis_Neumann_240x240.jpg\" alt=\"Dr. Dennis Neumann\" class=\"tm-img\">\n\t\t\t\t\t<div class=\"tm-author\">\n\t\t\t\t\t\t<h4>Dr. Dennis Neumann<\/h4>\n\t\t\t\t\t\t<span class=\"tms-pos\"> <a href=\"https:\/\/www.uni-due.de\/politik\/neumann.php\">Studiengangsbeauftragter Lehramt SoWi<\/a><\/span>\n\t\t\t\t\t<\/div>\n\t\t\t\t<\/div><!-- end .tm-info -->\n\t\t\t\t<div class=\"tm-quote\">\n\t\t\t\t\t<p><\/p>\n\t\t\t\t<\/div><!-- end .tm-quote -->\n\t\t\t<\/div><!-- end .team-box-small -->\n\n\t   <\/li><\/ul><\/div><!-- widgets_on_page -->\n<a name=\"mitarbeiter\"><\/a><br \/>\n<h2 class=\"centered\"><span>Mitarbeit<\/span><\/h2>\n<div id='Teamneu' class='widgets_on_page wop_tiny1  wop_small1  wop_medium1  wop_large1  wop_wide1'>\n\t\t\t<ul><li id=\"dorayaki_team_small-9\" class=\"widget widget_dorayaki_team_small\">\n\t\t\t<div class=\"team-box-small\">\n\t\t\t\t<div class=\"tm-info\">\n\t\t\t\t\t<img decoding=\"async\" src=\"https:\/\/cives-school.de\/wp-content\/uploads\/2025\/07\/fittosize__135_180_1e383df3170a487b5bb2131ef41fce84_roesch_carmen_25.jpg\" alt=\"Carmen R\u00f6sch\" class=\"tm-img\">\n\t\t\t\t\t<div class=\"tm-author\">\n\t\t\t\t\t\t<h4>Carmen R\u00f6sch<\/h4>\n\t\t\t\t\t\t<span class=\"tms-pos\"><a href=\"https:\/\/www.uni-due.de\/person\/57317\">Finanzverwaltung<\/a><\/span>\n\t\t\t\t\t<\/div>\n\t\t\t\t<\/div><!-- end .tm-info -->\n\t\t\t\t<div class=\"tm-quote\">\n\t\t\t\t\t<p><\/p>\n\t\t\t\t<\/div><!-- end .tm-quote -->\n\t\t\t<\/div><!-- end .team-box-small -->\n\n\t   <\/li><li id=\"dorayaki_team_small-8\" class=\"widget widget_dorayaki_team_small\">\n\t\t\t<div class=\"team-box-small\">\n\t\t\t\t<div class=\"tm-info\">\n\t\t\t\t\t<img decoding=\"async\" src=\"https:\/\/cives-school.de\/wp-content\/uploads\/2023\/05\/Forkarth-240-240.jpg\" alt=\"Dr. Claudia Forkarth\" class=\"tm-img\">\n\t\t\t\t\t<div class=\"tm-author\">\n\t\t\t\t\t\t<h4>Dr. Claudia Forkarth<\/h4>\n\t\t\t\t\t\t<span class=\"tms-pos\"><a href=\"https:\/\/www.uni-due.de\/politik\/forkarth.php\">CIVES-Angebote<\/a><\/span>\n\t\t\t\t\t<\/div>\n\t\t\t\t<\/div><!-- end .tm-info -->\n\t\t\t\t<div class=\"tm-quote\">\n\t\t\t\t\t<p><\/p>\n\t\t\t\t<\/div><!-- end .tm-quote -->\n\t\t\t<\/div><!-- end .team-box-small -->\n\n\t   <\/li><li id=\"dorayaki_team_small-11\" class=\"widget widget_dorayaki_team_small\">\n\t\t\t<div class=\"team-box-small\">\n\t\t\t\t<div class=\"tm-info\">\n\t\t\t\t\t<img decoding=\"async\" src=\"https:\/\/cives-school.de\/wp-content\/uploads\/2025\/05\/K1600_Mantke_Anna-Maria.jpg\" alt=\"Anna-Maria Mantke\" class=\"tm-img\">\n\t\t\t\t\t<div class=\"tm-author\">\n\t\t\t\t\t\t<h4>Anna-Maria Mantke<\/h4>\n\t\t\t\t\t\t<span class=\"tms-pos\">Studentische Hilfskraft<\/span>\n\t\t\t\t\t<\/div>\n\t\t\t\t<\/div><!-- end .tm-info -->\n\t\t\t\t<div class=\"tm-quote\">\n\t\t\t\t\t<p><\/p>\n\t\t\t\t<\/div><!-- end .tm-quote -->\n\t\t\t<\/div><!-- end .team-box-small -->\n\n\t   <\/li><\/ul><\/div><!-- widgets_on_page -->\n","protected":false},"excerpt":{"rendered":"<p>Das Team Die CIVES School of Civic Education ist Teil der Fakult\u00e4t f\u00fcr Gesellschaftswissenschaften an der Universit\u00e4t Duisburg-Essen. Alle Lehrenden im Lehramt Sozialwissenschaften sind somit auch in CIVES beheimatet. Die Vorlesungen und Seminare in der Lehramtsausbildung finden ausschlie\u00dflich in Essen statt, so dass die Dozierenden aus &hellip; <\/p>\n<p><a href=\"https:\/\/cives-school.de\/?page_id=83\" class=\"more-link\"><span class=\"morelink-icon\">Weiterlesen<\/span><\/a><\/p>\n","protected":false},"author":2,"featured_media":0,"parent":2222,"menu_order":0,"comment_status":"closed","ping_status":"closed","template":"page-templates\/full-width.php","meta":{"footnotes":""},"class_list":["post-83","page","type-page","status-publish","hentry"],"_links":{"self":[{"href":"https:\/\/cives-school.de\/index.php?rest_route=\/wp\/v2\/pages\/83","targetHints":{"allow":["GET"]}}],"collection":[{"href":"https:\/\/cives-school.de\/index.php?rest_route=\/wp\/v2\/pages"}],"about":[{"href":"https:\/\/cives-school.de\/index.php?rest_route=\/wp\/v2\/types\/page"}],"author":[{"embeddable":true,"href":"https:\/\/cives-school.de\/index.php?rest_route=\/wp\/v2\/users\/2"}],"replies":[{"embeddable":true,"href":"https:\/\/cives-school.de\/index.php?rest_route=%2Fwp%2Fv2%2Fcomments&post=83"}],"version-history":[{"count":75,"href":"https:\/\/cives-school.de\/index.php?rest_route=\/wp\/v2\/pages\/83\/revisions"}],"predecessor-version":[{"id":7243,"href":"https:\/\/cives-school.de\/index.php?rest_route=\/wp\/v2\/pages\/83\/revisions\/7243"}],"up":[{"embeddable":true,"href":"https:\/\/cives-school.de\/index.php?rest_route=\/wp\/v2\/pages\/2222"}],"wp:attachment":[{"href":"https:\/\/cives-school.de\/index.php?rest_route=%2Fwp%2Fv2%2Fmedia&parent=83"}],"curies":[{"name":"wp","href":"https:\/\/api.w.org\/{rel}","templated":true}]}}