{"id":4156,"date":"2017-03-08T11:25:51","date_gmt":"2017-03-08T09:25:51","guid":{"rendered":"http:\/\/cives-school.de\/?page_id=4156"},"modified":"2017-06-13T17:52:36","modified_gmt":"2017-06-13T15:52:36","slug":"gpje-2017-nachwuchstagung","status":"publish","type":"page","link":"https:\/\/cives-school.de\/?page_id=4156","title":{"rendered":"GPJE 2017: Nachwuchstagung"},"content":{"rendered":"<h1>GPJE-Jahrestagung 2017<\/h1>\n<h2>Nachwuchstagung<\/h2>\n<div class=\"white-box\">\n<p><a href=\"https:\/\/cives-school.de\/wp-content\/uploads\/2017\/05\/GPJE-Nachwuchstagung-2017_Programm-Anreise.pdf\"><img loading=\"lazy\" decoding=\"async\" src=\"https:\/\/cives-school.de\/wp-content\/uploads\/2017\/05\/GPJE-Nachwuchstagung-2017_300x212.jpg\" alt=\"Programm Nachwuchstagung\" width=\"300\" height=\"212\" class=\"alignleft size-full wp-image-4508\" srcset=\"https:\/\/cives-school.de\/wp-content\/uploads\/2017\/05\/GPJE-Nachwuchstagung-2017_300x212.jpg 300w, https:\/\/cives-school.de\/wp-content\/uploads\/2017\/05\/GPJE-Nachwuchstagung-2017_300x212-250x177.jpg 250w\" sizes=\"auto, (max-width: 300px) 100vw, 300px\" \/><\/a> Den wissenschaftlichen Nachwuchs zu f\u00f6rdern ist erkl\u00e4rtes Ziel der GPJE.<\/p>\n<p>Die Nachwuchstagung bietet auch dieses Jahr wieder Gelegenheit zur Vorstellung und Diskussion von Promotionsprojekten. Dar\u00fcber hinaus werden zwei Workshops zur methodischen Weiterqualifikation mit fachspezifischem Fokus angeboten: <\/p>\n<ul>\n<li>\u201eDokumentarische Methode politikdidaktisch gedacht\u201c (Anna Carnap, Leuphana Universit\u00e4t L\u00fcneburg)<\/li>\n<li>\u201eMittelwert, Signifikanz und Co &#8211; Quantitative Studien verstehen lernen\u201c (Linda Gr\u00e4fe, Friedrich-Schiller-Universit\u00e4t Jena) <\/li>\n<\/ul>\n<p>Gef\u00f6rdert werden die Methoden-Workshops vom Interdisziplin\u00e4ren Zentrum f\u00fcr Bildungsforschung (IZfB) an der UDE.<\/p>\n<p>Die Nachwuchstagung bietet somit f\u00fcr Promovierende und Postdoktoranden\/-innen eine Plattform, sich inhaltlich und methodisch auszutauschen und sich mit Anderen zu vernetzen. <\/p>\n<p>Hier finden Sie das <a href=\"https:\/\/cives-school.de\/wp-content\/uploads\/2017\/05\/GPJE-Nachwuchstagung-2017_Programm-Anreise.pdf\">ganze Programm<\/a>.<\/p>\n<p>Bei Fragen hierzu steht der GPJE-Nachwuchssprecher Mathias Lotz unter <a href=\"mailto:lotz@politik.uni-mainz.de\">lotz@politik.uni-mainz.de<\/a> gerne zur Verf\u00fcgung.<\/p>\n<p>Bei organisatorischen Fragen kontaktieren Sie bitte Laura M\u00f6llers unter <a href=\"mailto:laura.moellers@cives-school.de\">laura.moellers@cives-school.de<\/a> oder 0201-183-6908.<br \/>\n<\/div>\n<div class=\"white-box\">\n<h3>Organisatorische Eckdaten<\/h3>\n<p>Die Nachwuchstagung findet am <\/p>\n<ul>\n<li>Mittwoch, den 21. Juni 2017 am Campus Duisburg, Gerhard-Mercator-Haus, statt und wird am<\/li>\n<li>Donnerstag, den 22. Juni 2017 am Campus Essen fortgesetzt.<\/li>\n<\/ul>\n<h5>F\u00fcr die Reiseplanung bedeutet das: <\/h5>\n<p>Bei der Hinfahrt ist der Zielort Duisburg, bei der Abreise nach der Haupttagung ist der Abfahrtsort Essen. <\/p>\n<h5>F\u00fcr die Hotelbuchung bedeutet das: <\/h5>\n<p>Buchung aus dem Hotelkontingent oder anderweitige Zimmerbuchung in Essen.<br \/>\nDer Nachwuchs wird am Mittwoch, den 1. Tag der Nachwuchstagung, abends gemeinsam von Duisburg nach Essen pendeln, so dass dort in den Unterk\u00fcnften eingecheckt und am n\u00e4chsten Tag die Haupttagung in Essen besucht werden kann. <\/p>\n<h5>Zum groben Ablauf:<\/h5>\n<p>Mittwoch, 21.06.17<\/p>\n<ul>\n<li>ab 12:00 Uhr M\u00f6glichkeit zur Registrierung und Gep\u00e4ckverstauung im Gerhard-Mercator-Haus, Duisburg<\/li>\n<li>um 13:00 Uhr optionales Mittagessen in der Mensa f\u00fcr alle, die m\u00f6chten (Gelegenheit zum informellen Austausch und Kennenlernen)<\/li>\n<li>um 14:00 Uhr geht es dann mit dem inhaltlichen Programm los<\/li>\n<li>gegen 19:00 Uhr gemeinsame Fahrt nach Essen<\/li>\n<li>Einchecken in Essen und ggfls. Verabredung zum gemeinsamen Abendessen<\/li>\n<\/ul>\n<p>Donnerstag, 22.06.17<\/p>\n<ul>\n<li>Treffpunkt um 08:45 Uhr am Campus Essen, Glaspavillon: von dort geht es gemeinsam zu den Tagungsr\u00e4umen<\/li>\n<li>9-13 Uhr Workshops (voraussichtlich zwei Workshopangebote zur Wahl, weitere Infos folgen)<\/li>\n<\/ul>\n<h5>Anreise nach Duisburg<\/h5>\n<p>Die Nachwuchstagung im Rahmen der 18. Jahrestagung der GPJE findet am 21.06.17 am Campus Duisburg der Universit\u00e4t Duisburg-Essen statt. <\/p>\n<p>Der Veranstaltungsort ist das Gerhard-Mercator-Haus mit der Geb\u00e4udenummer LR.<br \/>\nDie Adresse lautet: Lotharstra\u00dfe 57, 47057 Duisburg.<\/p>\n<p><a href=\"https:\/\/cives-school.de\/wp-content\/uploads\/2017\/03\/Lageplan_Campus-Duisburg.pdf\"><img loading=\"lazy\" decoding=\"async\" src=\"https:\/\/cives-school.de\/wp-content\/uploads\/2017\/03\/Lageplan_Campus-Duisburg_880x660.jpg\" alt=\"\" width=\"880\" height=\"660\" class=\"alignleft size-full wp-image-4311\" srcset=\"https:\/\/cives-school.de\/wp-content\/uploads\/2017\/03\/Lageplan_Campus-Duisburg_880x660.jpg 880w, https:\/\/cives-school.de\/wp-content\/uploads\/2017\/03\/Lageplan_Campus-Duisburg_880x660-300x225.jpg 300w, https:\/\/cives-school.de\/wp-content\/uploads\/2017\/03\/Lageplan_Campus-Duisburg_880x660-768x576.jpg 768w, https:\/\/cives-school.de\/wp-content\/uploads\/2017\/03\/Lageplan_Campus-Duisburg_880x660-250x188.jpg 250w\" sizes=\"auto, (max-width: 880px) 100vw, 880px\" \/><\/a><br \/>\n<a href=\"https:\/\/cives-school.de\/wp-content\/uploads\/2017\/03\/Lageplan_Campus-Duisburg.pdf\">Campusplan Duisburg zum Download<\/a><\/p>\n<h6>\u2026mit \u00f6ffentlichen Verkehrsmitteln<\/h6>\n<p>Vom Hauptbahnhof Duisburg, Ausgang \u201eOsteingang\/Neudorf\u201c, wird das Geb\u00e4ude LR (Gerhard-Mercator-Haus) mit den Buslinien<\/p>\n<ul>\n<li>924 (Richtung Duisburg Sportpark) und<\/li>\n<li>933 (Richtung Uni Nord) erreicht.<\/li>\n<\/ul>\n<p>Ausstieg an der Haltestelle \u201eDUISBURG UNIVERSIT\u00c4T\u201c (ca. 10 Min. Busfahrt).<br \/>\nVon hier aus sind es nur ca. 200 m zu Fu\u00df in Fahrtrichtung bis zum LR-GEB\u00c4UDE auf der rechten Seite.<\/p>\n<h6>\u2026mit dem PKW<\/h6>\n<p>Von der A3 oder A40, Ausfahrt \u201eKaiserberg\u201c kommend, den Hinweisschildern \u201eUniversit\u00e4t\u201c folgen, bis zur Kreuzung Lotharstra\u00dfe. An der Kreuzung Lotharstra\u00dfe\/Carl-Benz-Stra\u00dfe rechts abbiegen, nach wenigen Metern befindet sich zur Rechten das Universit\u00e4tsgeb\u00e4ude \u201eLR\u201c.<br \/>\n<\/div>\n<img loading=\"lazy\" decoding=\"async\" src=\"https:\/\/cives-school.de\/wp-content\/uploads\/2016\/11\/logoleiste-GPJE-2017_600x107.png\" alt=\"\" width=\"600\" height=\"107\" class=\"aligncenter size-full wp-image-4055\" srcset=\"https:\/\/cives-school.de\/wp-content\/uploads\/2016\/11\/logoleiste-GPJE-2017_600x107.png 600w, https:\/\/cives-school.de\/wp-content\/uploads\/2016\/11\/logoleiste-GPJE-2017_600x107-300x54.png 300w, https:\/\/cives-school.de\/wp-content\/uploads\/2016\/11\/logoleiste-GPJE-2017_600x107-250x45.png 250w\" sizes=\"auto, (max-width: 600px) 100vw, 600px\" \/><\/p>\n","protected":false},"excerpt":{"rendered":"<p>GPJE-Jahrestagung 2017 Nachwuchstagung<\/p>\n","protected":false},"author":2,"featured_media":0,"parent":0,"menu_order":0,"comment_status":"closed","ping_status":"closed","template":"","meta":{"footnotes":""},"class_list":["post-4156","page","type-page","status-publish","hentry"],"_links":{"self":[{"href":"https:\/\/cives-school.de\/index.php?rest_route=\/wp\/v2\/pages\/4156","targetHints":{"allow":["GET"]}}],"collection":[{"href":"https:\/\/cives-school.de\/index.php?rest_route=\/wp\/v2\/pages"}],"about":[{"href":"https:\/\/cives-school.de\/index.php?rest_route=\/wp\/v2\/types\/page"}],"author":[{"embeddable":true,"href":"https:\/\/cives-school.de\/index.php?rest_route=\/wp\/v2\/users\/2"}],"replies":[{"embeddable":true,"href":"https:\/\/cives-school.de\/index.php?rest_route=%2Fwp%2Fv2%2Fcomments&post=4156"}],"version-history":[{"count":18,"href":"https:\/\/cives-school.de\/index.php?rest_route=\/wp\/v2\/pages\/4156\/revisions"}],"predecessor-version":[{"id":4510,"href":"https:\/\/cives-school.de\/index.php?rest_route=\/wp\/v2\/pages\/4156\/revisions\/4510"}],"wp:attachment":[{"href":"https:\/\/cives-school.de\/index.php?rest_route=%2Fwp%2Fv2%2Fmedia&parent=4156"}],"curies":[{"name":"wp","href":"https:\/\/api.w.org\/{rel}","templated":true}]}}